tors of 1593673418?
2, 796836709
What are the prime factors of 1161841123?
29, 43, 931709
What are the prime factors of 141228633?
3, 7, 13, 263, 281
What are the prime factors of 104206662?
2, 3, 7, 30631
List the prime factors of 17411730.
2, 3, 5, 7, 82913
List the prime factors of 15664607.
7, 19, 117779
List the prime factors of 41482034.
2, 11, 71, 26557
What are the prime factors of 268464849?
3, 389, 230047
What are the prime factors of 1617162294?
2, 3, 11, 1931, 12689
List the prime factors of 67786259.
17, 3987427
What are the prime factors of 2330608807?
10597, 219931
What are the prime factors of 88362536?
2, 29, 127, 2999
What are the prime factors of 119921457?
3, 53, 754223
List the prime factors of 1772721178.
2, 359, 2468971
What are the prime factors of 390561355?
5, 78112271
List the prime factors of 52263180.
2, 3, 5, 290351
List the prime factors of 1631650056.
2, 3, 67985419
What are the prime factors of 4569660?
2, 3, 5, 53, 479
List the prime factors of 672249.
3, 29, 7727
What are the prime factors of 7520551145?
5, 1504110229
What are the prime factors of 58467989?
58467989
What are the prime factors of 2336539226?
2, 7, 23, 1036619
What are the prime factors of 278588372?
2, 69647093
What are the prime factors of 39775422?
2, 3, 6629237
What are the prime factors of 22975383?
3, 7658461
List the prime factors of 57388937.
57388937
What are the prime factors of 62433?
3, 7, 991
List the prime factors of 1646519716.
2, 6353, 64793
What are the prime factors of 677821133?
11, 73, 844111
What are the prime factors of 530763065?
5, 7, 23, 659333
What are the prime factors of 2302687209?
3, 767562403
What are the prime factors of 1215577714?
2, 13, 1013, 46153
List the prime factors of 387940932.
2, 3, 10776137
List the prime factors of 766087243.
23, 179, 317, 587
List the prime factors of 814905541.
814905541
What are the prime factors of 5096779463?
101, 50463163
List the prime factors of 305635595.
5, 47, 79, 101, 163
What are the prime factors of 3867636421?
11, 89, 3950599
List the prime factors of 60823320.
2, 3, 5, 506861
What are the prime factors of 86349268?
2, 23, 37, 25367
What are the prime factors of 245553789?
3, 13, 484327
What are the prime factors of 1642107220?
2, 5, 13, 43, 191, 769
List the prime factors of 128136788.
2, 13, 151, 16319
What are the prime factors of 550767768?
2, 3, 17, 29, 46549
List the prime factors of 17525241.
3, 23, 409
What are the prime factors of 140872121?
13, 10836317
What are the prime factors of 25849549?
11, 2349959
What are the prime factors of 193529856?
2, 3, 13, 2423
List the prime factors of 560145953.
47, 139, 179, 479
List the prime factors of 4280618573.
7, 11, 23, 29, 7577
List the prime factors of 86831016.
2, 3, 1613, 2243
List the prime factors of 77948535.
3, 5, 7, 223, 3329
What are the prime factors of 794583336?
2, 3, 491, 67429
List the prime factors of 29094707.
41, 131, 5417
List the prime factors of 64268694.
2, 3, 7, 107, 227
List the prime factors of 46620589.
46620589
List the prime factors of 940108756.
2, 271, 867259
What are the prime factors of 122655503?
122655503
What are the prime factors of 20679864?
2, 3, 139, 6199
What are the prime factors of 593495886?
2, 3, 98915981
List the prime factors of 36275945.
5, 23, 331, 953
What are the prime factors of 6587195?
5, 439, 3001
List the prime factors of 323850742.
2, 167, 251, 3863
What are the prime factors of 539073773?
7, 77010539
What are the prime factors of 675290647?
19, 557, 63809
What are the prime factors of 917733950?
2, 5, 7, 17, 43, 211
What are the prime factors of 4703818489?
4703818489
What are the prime factors of 12390131?
13, 211, 4517
What are the prime factors of 114702853?
114702853
What are the prime factors of 36979301?
17, 19, 114487
What are the prime factors of 2363629284?
2, 3, 65656369
List the prime factors of 44246663.
29, 1525747
What are the prime factors of 97898108?
2, 7, 11, 19, 16729
What are the prime factors of 68706722?
2, 7, 701089
List the prime factors of 21965126.
2, 10982563
What are the prime factors of 167341705?
5, 41, 109, 7489
What are the prime factors of 1082324275?
5, 461, 93911
What are the prime factors of 17974897?
53, 229, 1481
List the prime factors of 49172279.
13, 17, 222499
List the prime factors of 116224749.
3, 47, 59, 4657
What are the prime factors of 578646044?
2, 144661511
List the prime factors of 1148577125.
5, 31, 37, 8011
List the prime factors of 1508286612.
2, 3, 7, 3413, 5261
What are the prime factors of 176464220?
2, 5, 137, 64403
List the prime factors of 478301725.
5, 11, 19, 91541
List the prime factors of 203354377.
203354377
List the prime factors of 278537290.
2, 5, 27853729
List the prime factors of 58750452.
2, 3, 1631957
List the prime factors of 1161983035.
5, 232396607
What are the prime factors of 669520721?
107, 6257203
What are the prime factors of 110036311?
7, 11, 67, 277
List the prime factors of 154907202.
2, 3, 25817867
List the prime factors of 150496364.
2, 37624091
List the prime factors of 32343534.
2, 3, 1796863
List the prime factors of 2700464.
2, 13, 12983
What are the prime factors of 223987218?
2, 3, 7, 13, 410233
What are the prime factors of 237116227?
237116227
What are the prime factors of 1731151953?
3, 2719, 23581
List the prime factors of 69956948.
2, 263, 66499
List the prime factors of 377437591.
3719, 101489
List the prime factors of 3157384099.
3157384099
List the prime factors of 1085914980.
2, 3, 5, 19, 149, 2131
List the prime factors of 423778053.
3, 1129, 125119
List the prime factors of 38906793.
3, 71, 60887
What are the prime factors of 2520650424?
2, 3, 31, 3387971
List the prime factors of 185972127.
3, 11, 5635519
List the prime factors of 1382240397.
3, 97, 4749967
List the prime factors of 94091938.
2, 563, 83563
What are the prime factors of 154758988?
2, 4463, 8669
List the prime factors of 514680705.
3, 5, 7, 11, 148537
What are the prime factors of 513356814?
2, 3, 67, 151, 2819
List the prime factors of 230383812.
2, 3, 19198651
What are the prime factors of 58113798?
2, 3, 661, 14653
List the prime factors of 66638771.
229, 290999
What are the prime factors of 630971598?
2, 3, 105161933
What are the prime factors of 1002711931?
13, 1103, 69929
List the prime factors of 2432441723.
2432441723
What are the prime factors of 31140719?
17, 1831807
What are the prime factors of 1651719927?
3, 11, 13, 59, 65257
List the prime factors of 89706115.
5, 631, 28433
What are the prime factors of 866084493?
3, 37, 7802563
What are the prime factors of 347138070?
2, 3, 5, 37, 312737
List the prime factors of 682107776.
2, 7, 113, 6737
What are the prime factors of 1033604530?
2, 5, 7, 307, 6871
List the prime factors of 553662076.
2, 11, 73, 172373
What are the prime factors of 1066474983?
3, 7, 50784523
What are the prime factors of 65061246?
2, 3, 10843541
What are the prime factors of 1905054824?
2, 227, 1049039
List the prime factors of 187097338.
2, 31, 137, 22027
List the prime factors of 108872860.
2, 5, 5443643
What are the prime factors of 45737284?
2, 11434321
What are the prime factors of 254819015?
5, 11, 89, 52057
What are the prime factors of 814648033?
814648033
List the prime factors of 151087394.
2, 97, 211, 3691
What are the prime factors of 13427973?
3, 13, 114769
What are the prime factors of 1052808029?
7, 13, 127, 91097
List the prime factors of 433363676.
2, 108340919
List the prime factors of 77949745.
5, 15589949
What are the prime factors of 2220049943?
2220049943
What are the prime factors of 2727013356?
2, 3, 75750371
List the prime factors of 247689081.
3, 5147, 5347
List the prime factors of 2311789523.
17, 135987619
What are the prime factors of 199572955?
5, 23, 479, 3623
List the prime factors of 4107574420.
2, 5, 521, 394201
What are the prime factors of 757898752?
2, 13, 19, 461
What are the prime factors of 145831228?
2, 523, 69709
What are the prime factors of 12149553?
3, 13, 61, 5107
What are the prime factors of 72097889?
233, 309433
What are the prime factors of 748193923?
1567, 477469
What are the prime factors of 1903957980?
2, 3, 5, 587, 54059
List the prime factors of 94554172.
2, 23638543
List the prime factors of 80522100.
2, 